 is the units digit of g(o)?
5
Let w be (-1)/(-2) + (-13)/2. Let n(f) = -f. Let j(u) = -2*u - 1. Let z(s) = 4*j(s) - 7*n(s). What is the units digit of z(w)?
2
Suppose 2*n = 4*v - 13 + 113, -4*n + 176 = 4*v. Suppose -2*t + t = -2*z - n, z = -2*t + 67. What is the units digit of t?
6
Let o(w) = 7*w + 8. Let c = 21 + -16. What is the tens digit of o(c)?
4
Suppose -x + 190 = 3*v - 7*v, 3*x = -2*v + 584. What is the tens digit of x?
9
Let y = -2 + 3. Let s be (y - (2 - 1))/1. Suppose 0 = 2*f - s*f - 6. What is the units digit of f?
3
What is the units digit of -3 - -1 - (-185 - 6/(-1))?
7
Suppose 12 = -s + 4*s. Suppose 16 + 16 = s*d. Suppose -q = -1, -q - d = -3*w + 12. What is the units digit of w?
7
Let a = 56 + -16. What is the tens digit of a?
4
Suppose -i = 4*i. What is the units digit of (-3 - -2) + i - -13?
2
Let w = 46 - -80. Suppose 0*a - w = -6*a. What is the tens digit of a?
2
Suppose 0 = -9*b + 11*b - 722. What is the tens digit of b?
6
Let w be 2*3/4*6. Let h be 3/(2/(12/w)). Suppose z + 11 = h*z. What is the units digit of z?
1
Suppose z = 4*m + 2 - 3, -m = -3. What is the units digit of z?
1
Suppose 382 + 716 = 6*h. What is the units digit of h?
3
Suppose 2*f + n - 80 = 0, 2*f + 4*n = 23 + 63. What is the tens digit of f?
3
Suppose 10*o = 659 - 169. What is the tens digit of o?
4
Let p be 10/(-4)*(1 - -1). Let b = p + 35. What is the units digit of b?
0
Let x(r) be the second derivative of -r**5/20 - r**4/2 + 2*r**3/3 - r**2/2 + 4*r. What is the units digit of x(-7)?
0
Let s = 1 + 2. Let y = -3 + s. Suppose -5*u + 0*u + 13 = 3*i, 5*i - 5 = y. What is the units digit of u?
2
Suppose 21 = 2*k + s, -3*k - 4*s = -4*k + 33. What is the tens digit of k?
1
Let v be 3 + (1 - (1 - 1)). Suppose 2*c - 31 = -3*c - v*x, -c = x - 6. What is the units digit of c*(-1 + -1 + 3)?
7
Suppose 2*a + a = 9. Suppose -k + 164 = 5*u - a*k, -182 = -5*u - 4*k. What is the units digit of u?
4
Suppose -3*h + 13 + 2 = 0, -5*y + 5*h = 15. Let u be (0/1 - 1)/1. Let s = y - u. What is the units digit of s?
3
Let x = -80 - -143. What is the units digit of x?
3
Let q = -7 - -10. Suppose l = q*l - 2. What is the units digit of l?
1
Suppose 3*c = 6*c - 132. What is the units digit of c?
4
Suppose -2 = s + 3*f + 1, -s + 3 = -3*f. Suppose -p = -5*x - 21, 2 = -2*p - s*x - x. What is the units digit of -9*3/(-3)*p?
9
Let d(p) = 1 - 8*p - p**3 - 7*p**2 - 9 + 2 - 2. Let k(n) = -6*n**2 - n - 1. Let c be k(-1). What is the units digit of d(c)?
4
Let t = 1 - -3. Suppose -t*d = -3 - 5. What is the units digit of d?
2
Suppose 4*j = -j + 20. Suppose 0 = j*w - 7 - 5. What is the units digit of w?
3
Let h = -21 + 20. Let y be 4/(-6) + (-15)/(-9). What is the units digit of (3 - 0) + (h - y)?
1
Suppose 3*p - 2*k + 1 = -6*k, -5*p - 4*k + 9 = 0. Suppose -15 = -h + 13. Suppose p*n - 4*l = -5 + h, -2*l - 1 = -n. What is the units digit of n?
7
Let g be 2 + 0/(2*-1). Let o be 6*-2*g/(-8). What is the units digit of o + 4/(-2 + 4)?
5
Let l be (1 - 10/(-8))*4. Let a be (-2)/l - 644/(-63). Suppose -t = -4*p + a, -3*p + 14 = t + p. What is the units digit of t?
2
Let g(o) = 11*o + 14. What is the tens digit of g(6)?
8
Suppose 5*w = 88 + 87. Let b = -16 + w. What is the tens digit of b?
1
Let s be (12/(-15))/(2/55). Let y = s + 38. What is the tens digit of y?
1
Let y = 148 - 76. What is the units digit of y?
2
Let s = 49 + -25. What is the units digit of s?
4
Suppose 3*b - o - 40 = 0, -2*b - 20 = -5*b - 4*o. Suppose 5*w - 68 = w + i, -2*w - 5*i + b = 0. Suppose 5*l - 4 - w = 0. What is the units digit of l?
4
Suppose 0 = -3*k, 0*v + 5*k - 316 = -4*v. What is the units digit of v?
9
Let y be (-2)/((4/(-3))/2). Suppose -c - 12 = y*t - 138, -t - 5*c + 42 = 0. Suppose 5*n = -15, 0 = -3*r - 2*r - n + t. What is the units digit of r?
9
Suppose -5*p + 3*w + 963 = -407, 4*p + 4*w - 1064 = 0. What is the tens digit of p?
7
Let o = 20 - -2. What is the units digit of o?
2
Suppose 2*h + a = 6, -h = 4*a - 9 - 1. Let g be (h - 5)/((-3)/(-10)). What is the units digit of (32/(-20))/(4/g)?
4
What is the units digit of 24/264 + 1340/22?
1
Let p = -14 - -34. What is the tens digit of p?
2
Let d = -6 + 7. Suppose 0 = -4*w - 9 - 7. Let h = d - w. What is the units digit of h?
5
Suppose -38 = -4*q + 34. What is the units digit of q?
8
What is the units digit of (5 + -3 + 2)*2?
8
Let l be -9*(1 + (-8)/6). Suppose 2*p - 17 = -l*y, -4*y + 5*p + 51 = 2*p. What is the units digit of y?
9
Suppose 9*g = -222 + 1356. What is the hundreds digit of g?
1
What is the hundreds digit of 2110/6 - (-4)/12?
3
Let b(c) be the second derivative of -c**5/20 + c**4/12 - c**3/3 - c**2 - 5*c. Let i be b(-3). Suppose -5*a + a = -i. What is the tens digit of a?
1
Let d be 3/(9/12*2). Suppose 2*j = -d*j + 196. What is the tens digit of j?
4
Let z(v) = v**3 - 5*v**2 + v - 2. Let k be z(4). Let s = k - -23. What is the units digit of s?
9
Suppose -46 = -2*x + 4*z, 0 = x - 0*x - 4*z - 15. What is the units digit of x?
1
What is the units digit of (1 - -7)/(4/10)?
0
Let k = -4 + 6. Suppose 0 = 2*m - k*z + 8, 0*z = -z + 4. Let r = 3 + m. What is the units digit of r?
3
Let r(c) = 7*c - 2. Let v be r(1). Suppose v*y - 45 - 95 = 0. What is the units digit of y?
8
Suppose -4*y + 86 = -86. What is the units digit of y?
3
Suppose 0 = o - 4*o + 15. What is the units digit of o?
5
Suppose 6*c + 5 = 5*c. Let d = 15 - c. What is the units digit of d?
0
Let j(f) = 8*f**2 - 1. What is the units digit of j(2)?
1
Let g(l) be the first derivative of -l**4/4 + 2*l**3 + l**2/2 - 2*l - 1. Suppose 4*u - 19 = 3*a + 2, -5*u + 4*a = -26. What is the units digit of g(u)?
4
Let j(g) = g**3 + 2*g**2 - g + 6. Let v be j(-3). Suppose v = -2*p - p + 15. What is the units digit of p?
5
Suppose -5*i = -b - 8, -3*i = 3*b + 2 - 14. Suppose s = -3*s - 2*g + 6, 0 = -s + 3*g - i. What is the units digit of s?
1
Let t be 20 + -3*6/(-9). Suppose t = 5*x + 7. Suppose 0 = y - 2*u - x, -3*y - 2*u - 39 = -8*y. What is the units digit of y?
9
Suppose 4*y = 2*y + 4. Suppose s = 1, -4*s = -y*c - 0*c + 28. What is the tens digit of c?
1
Let o(l) = -l**2 + 9*l. Let t be o(9). Suppose r + 3 - 15 = t. What is the units digit of r?
2
Let h be 7/((-105)/(-6))*140. Let c = h + -30. What is the units digit of c?
6
Suppose -5*z = 2*b - 206, 5*z = -5*b + b + 392. What is the units digit of b?
3
Let u = -20 + 35. Suppose -5*l - u = 0, 4*x + 4*l + 5 = 41. What is the tens digit of x?
1
Suppose -20 = 4*l + l. Let p = -4 - l. Suppose 4*f + 11 = -u + 31, p = 3*f - 2*u - 4. What is the units digit of f?
4
Let j(c) = c**2. Let l(z) = -z**2 + 5*z - 2. Let f be l(4). Let v = 0 + f. What is the units digit of j(v)?
4
Let r = 20 - 44. Let b = r + 46. What is the units digit of b?
2
Let y(i) = -1 + 7 + 2*i**2 - i**2 - 7*i. Suppose -11 - 3 = -2*d. What is the units digit of y(d)?
6
Let i(b) = -b**2 - 2*b + 1. Let k be i(-3). Let c be -6*k/3 - 1. Suppose -2*r + 36 = y, -6*y = c*r - 11*y - 54. What is the tens digit of r?
1
Let f = -18 + 21. What is the units digit of f?
3
Suppose 6 = -2*c + 2*z, z - 9 = -3*c - 2*c. What is the units digit of c?
1
Suppose -3*n - 3*c + 9 = -126, 0 = -3*n - 5*c + 127. What is the units digit of n?
9
Let o = 41 - 19. What is the units digit of o?
2
Suppose 6*g - 3*g = 0. Suppose 4*i - 6*i + 12 = g. What is the units digit of (-2)/(-3) - (-32)/i?
6
Suppose -4*r - 4 = 0, -3*u + 0*r + 7 = 2*r. Let l be ((-2)/u)/(5/(-15)). Suppose l + 2 = 2*b. What is the units digit of b?
2
Let x(d) = d**3 + 5*d**2 - 6*d - 7. What is the tens digit of x(-5)?
2
Suppose 28 - 8 = 5*u. Let o be (-60)/(-14) - u/14. Suppose 4*a - o = g + a, -4*g + 2*a + 24 = 0. What is the units digit of g?
8
Suppose 214 = -6*l + 8*l. What is the units digit of l?
7
Let u(y) = -y**2 + 13*y - 11. Let t be (1 + -4)*(3 - 6). What is the units digit of u(t)?
5
Let r = -47 + 54. What is the units digit of r?
7
Let r(t) = -12*t + 1. Let m be r(-1). Let d = 0 + m. Let s = d - 9. What is the units digit of s?
4
Suppose -7*q = -q - 186. What is the tens digit of q?
3
What is the units digit of ((-15)/6 - -3)*78?
9
Let r be ((-54)/(-45))/(3/(-40)). Let z be r/(-4) - 3/3. Suppose z*o = 5*k - 4 - 13, 2*o + 12 = 4*k. What is the units digit of k?
1
Suppose -x = 0, -5*x + 2*x - 40 = 5*t. Let b = t - -16. What is the units digit of